{"id":703,"date":"2020-08-31T22:33:19","date_gmt":"2020-08-31T22:33:19","guid":{"rendered":"http:\/\/cristanini.com.co\/nuevositio\/?post_type=product&#038;p=703"},"modified":"2020-08-31T22:33:20","modified_gmt":"2020-08-31T22:33:20","slug":"shelter-cbrn-2","status":"publish","type":"product","link":"https:\/\/cristanini.com.co\/index.php\/product\/shelter-cbrn-2\/","title":{"rendered":"SHELTER CBRN\/2"},"content":{"rendered":"","protected":false},"excerpt":{"rendered":"<p>Estaci\u00f3n aut\u00f3noma m\u00f3vil de descontaminaci\u00f3n de campa\u00f1a, de gran capacidad para Detoxificaci\u00f3n \/ descontaminaci\u00f3n CBRN continua y simult\u00e1nea de personal, materiales y medios, y \u00a0para la descontaminaci\u00f3n de terreno y operaciones antiincendios.<\/p>\n","protected":false},"featured_media":704,"template":"","meta":[],"_links":{"self":[{"href":"https:\/\/cristanini.com.co\/index.php\/wp-json\/wp\/v2\/product\/703"}],"collection":[{"href":"https:\/\/cristanini.com.co\/index.php\/wp-json\/wp\/v2\/product"}],"about":[{"href":"https:\/\/cristanini.com.co\/index.php\/wp-json\/wp\/v2\/types\/product"}],"wp:featuredmedia":[{"embeddable":true,"href":"https:\/\/cristanini.com.co\/index.php\/wp-json\/wp\/v2\/media\/704"}],"wp:attachment":[{"href":"https:\/\/cristanini.com.co\/index.php\/wp-json\/wp\/v2\/media?parent=703"}],"curies":[{"name":"wp","href":"https:\/\/api.w.org\/{rel}","templated":true}]}}