{"id":681,"date":"2020-08-31T22:12:59","date_gmt":"2020-08-31T22:12:59","guid":{"rendered":"http:\/\/cristanini.com.co\/nuevositio\/?post_type=product&#038;p=681"},"modified":"2020-10-22T02:29:57","modified_gmt":"2020-10-22T02:29:57","slug":"psds-10-mil","status":"publish","type":"product","link":"https:\/\/cristanini.com.co\/index.php\/product\/psds-10-mil\/","title":{"rendered":"PSDS\/10 MIL"},"content":{"rendered":"","protected":false},"excerpt":{"rendered":"<p>Sistema de descontaminaci\u00f3n \/ detoxificaci\u00f3n peque\u00f1o y port\u00e1til para uso manual.<\/p>\n[button size='big_large' style='' text='DESCARGAR PDF' icon='fa-download' icon_color='#ffffff' link='https:\/\/cristanini.com.co\/wp-content\/uploads\/2020\/08\/PSDS-10-MIL.pdf' target='_blank' color='#ffffff' hover_color='#ffffff' border_color='#0a0909' hover_border_color='' background_color='#ff0000' hover_background_color='#a30a0a' font_style='normal' font_weight='' text_align='center' margin='']\n<p>&nbsp;<\/p>\n<p>&nbsp;<\/p>\n<p>&nbsp;<\/p>\n","protected":false},"featured_media":683,"template":"","meta":[],"_links":{"self":[{"href":"https:\/\/cristanini.com.co\/index.php\/wp-json\/wp\/v2\/product\/681"}],"collection":[{"href":"https:\/\/cristanini.com.co\/index.php\/wp-json\/wp\/v2\/product"}],"about":[{"href":"https:\/\/cristanini.com.co\/index.php\/wp-json\/wp\/v2\/types\/product"}],"wp:featuredmedia":[{"embeddable":true,"href":"https:\/\/cristanini.com.co\/index.php\/wp-json\/wp\/v2\/media\/683"}],"wp:attachment":[{"href":"https:\/\/cristanini.com.co\/index.php\/wp-json\/wp\/v2\/media?parent=681"}],"curies":[{"name":"wp","href":"https:\/\/api.w.org\/{rel}","templated":true}]}}