{"id":453,"date":"2020-08-28T22:28:04","date_gmt":"2020-08-28T22:28:04","guid":{"rendered":"http:\/\/cristanini.com.co\/nuevositio\/?page_id=453"},"modified":"2020-10-22T01:45:49","modified_gmt":"2020-10-22T01:45:49","slug":"eliminacion-de-chicles-graffitis-y-deshierbado","status":"publish","type":"page","link":"https:\/\/cristanini.com.co\/index.php\/eliminacion-de-chicles-graffitis-y-deshierbado\/","title":{"rendered":"ELIMINACI\u00d3N DE CHICLES, GRAFFITIS Y DESHIERBADO"},"content":{"rendered":"<p>[vc_row css_animation=&#8221;&#8221; row_type=&#8221;row&#8221; use_row_as_full_screen_section=&#8221;yes&#8221; type=&#8221;full_width&#8221; angled_section=&#8221;no&#8221; text_align=&#8221;left&#8221; background_image_as_pattern=&#8221;without_pattern&#8221; css=&#8221;.vc_custom_1598711503089{padding-top: 5% !important;padding-right: 5% !important;padding-bottom: 5% !important;padding-left: 5% !important;background-color: #ffffff !important;}&#8221; z_index=&#8221;&#8221;][vc_column width=&#8221;1\/3&#8243;][vc_single_image image=&#8221;492&#8243; img_size=&#8221;350&#215;450&#8243; alignment=&#8221;center&#8221; onclick=&#8221;link_image&#8221; qode_css_animation=&#8221;&#8221;][vc_separator type=&#8221;normal&#8221; color=&#8221;#dd3333&#8243;][vc_column_text]<\/p>\n<h2 class=\"product-detail__title cc_cursor\" style=\"text-align: center;\">GHIBLI DHR 8 &#8211; SISTEMA AUT\u00d3NOMO PARA DESHIERBADO T\u00c9RMICO<\/h2>\n<p>[\/vc_column_text]<div class=\"qode-accordion-holder clearfix qode-toggle qode-initial \">\n\t<h3 class=\"clearfix qode-title-holder\">\n<span class=\"qode-tab-title\">\n\t\t\t<span class=\"qode-tab-title-icon\">\n\t\t\t<i class=\"qode_icon_font_awesome fa fa-arrow-down \" ><\/i>\t\t<\/span>\n\t    <span class=\"qode-tab-title-inner\">\n        VER DETALLE    <\/span>\n<\/span>\n<span class=\"qode-accordion-mark\">\n    <span class=\"qode-accordion-mark-icon\">\n        <span class=\"icon_plus\"><\/span>\n        <span class=\"icon_minus-06\"><\/span>\n    <\/span>\n<\/span>\n<\/h3>\n<div  class=\"qode-accordion-content qode-acc-title-with-icon\" style=\"padding: 5PX 5PX 5PX 5PX\">\n    <div class=\"qode-accordion-content-inner\">\n        [vc_column_text]GHIBLI\u00a0DHR 8\u00a0es\u00a0el sistema aut\u00f3nomo\u00a0de deshierbado t\u00e9rmico: la soluci\u00f3n\u00a0100% ecol\u00f3gica contra las malas hierbas\u00a0gracias a la acci\u00f3n del vapor saturado\u00a0de alta temperatura.<\/p>\n<p>El deshierbado t\u00e9rmico ofrece muchas ventajas para\u00a0el medio ambiente y la salud, porque:<br \/>\n\u2022 Utiliza solo agua;<br \/>\n\u2022 Es seguro, tambi\u00e9n en las proximidades de zonas sensibles\u00a0con gran afluencia de personas, como jardines\u00a0de infancia, escuelas y hospitales;<br \/>\n\u2022 Para su empleo no es necesaria ninguna notificaci\u00f3n\u00a0previa que cumpla con la normativa vigente;<br \/>\n\u2022 Es seguro para los operadores, personas y animales\u00a0presentes en las cercan\u00edas durante y despu\u00e9s del\u00a0tratamiento;<\/p>\n<p>&nbsp;<\/p>\n<a  itemprop=\"url\" href=\"https:\/\/cristanini.com.co\/wp-content\/uploads\/2020\/08\/DHR8spa.pdf\" target=\"_blank\" data-hover-background-color='#a30a0a' data-hover-color='#ffffff' class=\"qbutton  big_large center default\" style=\"color: #ffffff; border-color: #0a0909; font-style: normal; background-color: #ff0000;\">DESCARGAR PDF<i class=\"qode_icon_font_awesome fa fa-download qode_button_icon_element\" style=\"color: #ffffff;\" ><\/i><\/a>\n<p>&nbsp;<\/p>\n<p>[vc_video link=&#8217;https:\/\/youtu.be\/g3nfs5cfzyM&#8217;][\/vc_column_text]    <\/div>\n<\/div><\/div>[\/vc_column][vc_column width=&#8221;1\/3&#8243;][vc_single_image image=&#8221;493&#8243; img_size=&#8221;full&#8221; alignment=&#8221;center&#8221; onclick=&#8221;link_image&#8221; qode_css_animation=&#8221;&#8221;][vc_separator type=&#8221;normal&#8221; color=&#8221;#dd3333&#8243; up=&#8221;68&#8243;][vc_column_text]<\/p>\n<h2 class=\"product-detail__title cc_cursor\" style=\"text-align: center;\">GHIBLI SKID UNIT 180\/21 DE-HR<\/h2>\n<p>[\/vc_column_text][vc_separator type=&#8221;transparent&#8221; up=&#8221;25&#8243;]<div class=\"qode-accordion-holder clearfix qode-toggle qode-initial \">\n\t<h3 class=\"clearfix qode-title-holder\">\n<span class=\"qode-tab-title\">\n\t\t\t<span class=\"qode-tab-title-icon\">\n\t\t\t<i class=\"qode_icon_font_awesome fa fa-arrow-down \" ><\/i>\t\t<\/span>\n\t    <span class=\"qode-tab-title-inner\">\n        VER DETALLE    <\/span>\n<\/span>\n<span class=\"qode-accordion-mark\">\n    <span class=\"qode-accordion-mark-icon\">\n        <span class=\"icon_plus\"><\/span>\n        <span class=\"icon_minus-06\"><\/span>\n    <\/span>\n<\/span>\n<\/h3>\n<div  class=\"qode-accordion-content qode-acc-title-with-icon\" style=\"padding: 5PX 5PX 5PX 5PX\">\n    <div class=\"qode-accordion-content-inner\">\n        [vc_column_text]<\/p>\n<p style=\"text-align: justify;\">Sistema aut\u00f3nomo para eliminar chicles\u00a0y\u00a0graffiti, para quitar posters y carteles de las paredes para lavar pavimentos sin utilizar productos qu\u00edmicos.<\/p>\n<p style=\"text-align: justify;\">GHIBLI SKID UNIDAD 180\/21 DE-HR es la soluci\u00f3n m\u00e1s ecol\u00f3gica para el medio ambiente y el n\u00facleo urbano.<\/p>\n<p>&nbsp;<\/p>\n<a  itemprop=\"url\" href=\"https:\/\/cristanini.com.co\/wp-content\/uploads\/2020\/08\/FD-360-GHIBLI-SKID-UNIT-180-21-DE-HR-SP.pdf\" target=\"_blank\" data-hover-background-color='#a30a0a' data-hover-color='#ffffff' class=\"qbutton  big_large center default\" style=\"color: #ffffff; border-color: #0a0909; font-style: normal; background-color: #ff0000;\">DESCARGAR PDF<i class=\"qode_icon_font_awesome fa fa-download qode_button_icon_element\" style=\"color: #ffffff;\" ><\/i><\/a>\n<p>&nbsp;<\/p>\n<p>[vc_video link=&#8217;https:\/\/youtu.be\/vvjLHLurRLs&#8217;]<\/p>\n<p>[vc_video link=&#8217;https:\/\/youtu.be\/bA_rU2pLvPc&#8217;][\/vc_column_text]    <\/div>\n<\/div><\/div>[\/vc_column][vc_column width=&#8221;1\/3&#8243;][vc_single_image image=&#8221;494&#8243; img_size=&#8221;full&#8221; alignment=&#8221;center&#8221; onclick=&#8221;link_image&#8221; qode_css_animation=&#8221;&#8221;][vc_separator type=&#8221;normal&#8221; color=&#8221;#dd3333&#8243; up=&#8221;160&#8243;][vc_column_text]<\/p>\n<h2 class=\"product-detail__title\" style=\"text-align: center;\">GHIBLI SILENT + MIXER<\/h2>\n<p>[\/vc_column_text][vc_separator type=&#8221;transparent&#8221; up=&#8221;25&#8243;]<div class=\"qode-accordion-holder clearfix qode-toggle qode-initial \">\n\t<h3 class=\"clearfix qode-title-holder\">\n<span class=\"qode-tab-title\">\n\t\t\t<span class=\"qode-tab-title-icon\">\n\t\t\t<i class=\"qode_icon_font_awesome fa fa-arrow-down \" ><\/i>\t\t<\/span>\n\t    <span class=\"qode-tab-title-inner\">\n        VER DETALLE    <\/span>\n<\/span>\n<span class=\"qode-accordion-mark\">\n    <span class=\"qode-accordion-mark-icon\">\n        <span class=\"icon_plus\"><\/span>\n        <span class=\"icon_minus-06\"><\/span>\n    <\/span>\n<\/span>\n<\/h3>\n<div  class=\"qode-accordion-content qode-acc-title-with-icon\" style=\"padding: 5PX 5PX 5PX 5PX\">\n    <div class=\"qode-accordion-content-inner\">\n        [vc_column_text]<\/p>\n<p style=\"text-align: justify;\">Eliminaci\u00f3n delicada y no invasiva de productos que puedan alterar las superficies de piedra, de madera o bronce de objetos de reconocido valor hist\u00f3rico, art\u00edstico y cultural.<\/p>\n<p style=\"text-align: justify;\">Ghibli Skid Silent utiliza agua a baja presi\u00f3n mezclada con fibras vegetales: los dos elementos juntos act\u00faan suavemente sobre monumentos, fachadas hist\u00f3ricas, el arte, vidrio, madera, etc.<\/p>\n<p style=\"text-align: justify;\">Ghibli\u00a0Skid Silent\u00a0no utiliza productos qu\u00edmicos, es un sistema absolutamente silencioso y ecol\u00f3gico.<\/p>\n<p style=\"text-align: justify;\">Ghibli\u00a0Skid Silent\u00a0 elimina\u00a0tambi\u00e9n\u00a0el graffiti de la pel\u00edcula de tren.<\/p>\n<p>&nbsp;<\/p>\n<a  itemprop=\"url\" href=\"https:\/\/cristanini.com.co\/descargas\/FD-959-NEW-SILENT-MIXER-ES.pdf\" target=\"_blank\" data-hover-background-color='#a30a0a' data-hover-color='#ffffff' class=\"qbutton  big_large center default\" style=\"color: #ffffff; border-color: #0a0909; font-style: normal; background-color: #ff0000;\">DESCARGAR PDF<i class=\"qode_icon_font_awesome fa fa-download qode_button_icon_element\" style=\"color: #ffffff;\" ><\/i><\/a>\n<p>&nbsp;<\/p>\n<p>[vc_video link=&#8217;https:\/\/youtu.be\/U4tLh_VJgRY&#8217;][\/vc_column_text]    <\/div>\n<\/div><\/div>[\/vc_column][\/vc_row]<\/p>\n","protected":false},"excerpt":{"rendered":"<p>[vc_row css_animation=&#8221;&#8221; row_type=&#8221;row&#8221; use_row_as_full_screen_section=&#8221;yes&#8221; type=&#8221;full_width&#8221; angled_section=&#8221;no&#8221; text_align=&#8221;left&#8221; background_image_as_pattern=&#8221;without_pattern&#8221; css=&#8221;.vc_custom_1598711503089{padding-top: 5% !important;padding-right: 5% !important;padding-bottom: 5% !important;padding-left: 5% !important;background-color: #ffffff !important;}&#8221; z_index=&#8221;&#8221;][vc_column width=&#8221;1\/3&#8243;][vc_single_image image=&#8221;492&#8243; img_size=&#8221;350&#215;450&#8243; alignment=&#8221;center&#8221; onclick=&#8221;link_image&#8221; qode_css_animation=&#8221;&#8221;][vc_separator type=&#8221;normal&#8221; color=&#8221;#dd3333&#8243;][vc_column_text] GHIBLI DHR 8 &#8211; SISTEMA AUT\u00d3NOMO PARA DESHIERBADO T\u00c9RMICO [\/vc_column_text][\/vc_column][vc_column width=&#8221;1\/3&#8243;][vc_single_image image=&#8221;493&#8243; img_size=&#8221;full&#8221; alignment=&#8221;center&#8221; onclick=&#8221;link_image&#8221; qode_css_animation=&#8221;&#8221;][vc_separator type=&#8221;normal&#8221;&#8230;<\/p>\n","protected":false},"author":1,"featured_media":0,"parent":0,"menu_order":0,"comment_status":"closed","ping_status":"closed","template":"full_width.php","meta":[],"_links":{"self":[{"href":"https:\/\/cristanini.com.co\/index.php\/wp-json\/wp\/v2\/pages\/453"}],"collection":[{"href":"https:\/\/cristanini.com.co\/index.php\/wp-json\/wp\/v2\/pages"}],"about":[{"href":"https:\/\/cristanini.com.co\/index.php\/wp-json\/wp\/v2\/types\/page"}],"author":[{"embeddable":true,"href":"https:\/\/cristanini.com.co\/index.php\/wp-json\/wp\/v2\/users\/1"}],"replies":[{"embeddable":true,"href":"https:\/\/cristanini.com.co\/index.php\/wp-json\/wp\/v2\/comments?post=453"}],"version-history":[{"count":43,"href":"https:\/\/cristanini.com.co\/index.php\/wp-json\/wp\/v2\/pages\/453\/revisions"}],"predecessor-version":[{"id":1066,"href":"https:\/\/cristanini.com.co\/index.php\/wp-json\/wp\/v2\/pages\/453\/revisions\/1066"}],"wp:attachment":[{"href":"https:\/\/cristanini.com.co\/index.php\/wp-json\/wp\/v2\/media?parent=453"}],"curies":[{"name":"wp","href":"https:\/\/api.w.org\/{rel}","templated":true}]}}