{"id":159,"date":"2018-01-12T09:28:42","date_gmt":"2018-01-12T09:28:42","guid":{"rendered":"http:\/\/bridge129.qodeinteractive.com\/?page_id=159"},"modified":"2020-10-22T01:55:14","modified_gmt":"2020-10-22T01:55:14","slug":"ambiental-e-industrial","status":"publish","type":"page","link":"https:\/\/cristanini.com.co\/index.php\/ambiental-e-industrial\/","title":{"rendered":"SISTEMAS PARA EL AMBIENTE, LA INDUSTRIA Y LA RECUPERACI\u00d3N DE BIENES ART\u00cdSTICOS"},"content":{"rendered":"<p>[vc_row css_animation=&#8221;&#8221; row_type=&#8221;row&#8221; use_row_as_full_screen_section=&#8221;no&#8221; type=&#8221;grid&#8221; angled_section=&#8221;no&#8221; text_align=&#8221;left&#8221; background_image_as_pattern=&#8221;without_pattern&#8221; z_index=&#8221;&#8221; padding_top=&#8221;40&#8243; padding_bottom=&#8221;20&#8243; css=&#8221;.vc_custom_1598461189077{background-color: #ffffff !important;}&#8221;][vc_column]<div class='q_icon_with_title large custom_icon_image center '><div class=\"icon_holder \" style=\" \"><img itemprop=\"image\" style=\"\" src=\"https:\/\/cristanini.com.co\/wp-content\/uploads\/2018\/01\/services-custom-icon-3.png\" alt=\"\"><\/div><div class=\"icon_text_holder\" style=\"\"><div class=\"icon_text_inner\" style=\"\"><h3 class=\"icon_title\" style=\"\"><\/h3><p style='color: #0f0f28'><\/p><\/div><\/div><\/div>[vc_column_text]<\/p>\n<h2 class=\"title title--section uppercase cc_cursor\" style=\"text-align: center;\">AMBIENTAL E INDUSTRIAL<\/h2>\n<p style=\"text-align: center;\">Sistemas dise\u00f1ados para el saneamiento y la limpieza de las ciudades, en ambientes urbanos: usados para eliminar los efectos negativos causados por la contaminaci\u00f3n, la poluci\u00f3n, la contaminaci\u00f3n biol\u00f3gica y los da\u00f1os ocasionados por actos vand\u00e1licos.<\/p>\n<p>[\/vc_column_text][\/vc_column][\/vc_row][vc_row css_animation=&#8221;&#8221; row_type=&#8221;row&#8221; use_row_as_full_screen_section=&#8221;no&#8221; type=&#8221;full_width&#8221; angled_section=&#8221;no&#8221; text_align=&#8221;left&#8221; background_image_as_pattern=&#8221;without_pattern&#8221; z_index=&#8221;&#8221; padding_top=&#8221;50&#8243; padding_bottom=&#8221;50&#8243; css=&#8221;.vc_custom_1600198129696{padding-right: 5% !important;padding-left: 5% !important;background: #ffffff url(https:\/\/cristanini.com.co\/wp-content\/uploads\/2020\/08\/2.png?id=369) !important;}&#8221; side_padding=&#8221;5%&#8221;][vc_column width=&#8221;1\/4&#8243; css=&#8221;.vc_custom_1598477663629{padding-top: 5% !important;padding-right: 5% !important;padding-bottom: 5% !important;padding-left: 5% !important;background-color: rgba(0,0,0,0.62) !important;*background-color: rgb(0,0,0) !important;border-radius: 15px !important;}&#8221;][vc_single_image image=&#8221;336&#8243; img_size=&#8221;full&#8221; add_caption=&#8221;yes&#8221; alignment=&#8221;center&#8221; style=&#8221;vc_box_shadow_3d&#8221; onclick=&#8221;custom_link&#8221; qode_css_animation=&#8221;&#8221; qode_hover_animation=&#8221;zoom_in&#8221; link=&#8221;https:\/\/cristanini.com.co\/index.php\/lavacontenedores\/&#8221;][vc_column_text]<\/p>\n<h3 style=\"text-align: center;\"><a href=\"https:\/\/cristanini.com.co\/index.php\/lavacontenedores\/\"><span style=\"color: #ffffff;\">LAVACONTENEDORES<\/span><\/a><\/h3>\n<p>[\/vc_column_text][vc_separator type=&#8221;transparent&#8221; down=&#8221;10&#8243;][\/vc_column][vc_column width=&#8221;1\/4&#8243; css=&#8221;.vc_custom_1598477927332{padding-top: 5% !important;padding-right: 5% !important;padding-bottom: 5% !important;padding-left: 5% !important;background-color: rgba(0,0,0,0.61) !important;*background-color: rgb(0,0,0) !important;border-radius: 15px !important;}&#8221;][vc_single_image image=&#8221;345&#8243; img_size=&#8221;full&#8221; add_caption=&#8221;yes&#8221; alignment=&#8221;center&#8221; style=&#8221;vc_box_shadow_3d&#8221; onclick=&#8221;custom_link&#8221; qode_css_animation=&#8221;&#8221; qode_hover_animation=&#8221;zoom_in&#8221; link=&#8221;https:\/\/cristanini.com.co\/index.php\/eliminacion-de-chicles-graffitis-y-deshierbado\/&#8221;][vc_column_text]<\/p>\n<h3 style=\"text-align: center;\"><a href=\"https:\/\/cristanini.com.co\/index.php\/eliminacion-de-chicles-graffitis-y-deshierbado\/\"><span style=\"color: #ffffff;\">ELIMINACI\u00d3N DE CHICLES,GRAFFITIS Y DESHIERBADO<\/span><\/a><\/h3>\n<p>[\/vc_column_text][\/vc_column][vc_column width=&#8221;1\/4&#8243; css=&#8221;.vc_custom_1598477933985{padding-top: 5% !important;padding-right: 5% !important;padding-bottom: 5% !important;padding-left: 5% !important;background-color: rgba(0,0,0,0.62) !important;*background-color: rgb(0,0,0) !important;border-radius: 15px !important;}&#8221;][vc_single_image image=&#8221;355&#8243; img_size=&#8221;full&#8221; add_caption=&#8221;yes&#8221; alignment=&#8221;center&#8221; style=&#8221;vc_box_shadow_3d&#8221; onclick=&#8221;custom_link&#8221; qode_css_animation=&#8221;&#8221; qode_hover_animation=&#8221;zoom_in&#8221; link=&#8221;https:\/\/cristanini.com.co\/index.php\/limpieza-automatica-del-chasis\/&#8221;][vc_column_text]<\/p>\n<h3 style=\"text-align: center;\"><a href=\"https:\/\/cristanini.com.co\/index.php\/limpieza-automatica-del-chasis\/\"><span style=\"color: #ffffff;\">LIMPIEZA AUTOM\u00c1TICA DEL CHASIS<\/span><\/a><\/h3>\n<p>[\/vc_column_text][vc_separator type=&#8221;transparent&#8221; down=&#8221;10&#8243;][\/vc_column][vc_column width=&#8221;1\/4&#8243; css=&#8221;.vc_custom_1598477940454{padding-top: 5% !important;padding-right: 5% !important;padding-bottom: 5% !important;padding-left: 5% !important;background-color: rgba(0,0,0,0.62) !important;*background-color: rgb(0,0,0) !important;border-radius: 15px !important;}&#8221;][vc_single_image image=&#8221;359&#8243; img_size=&#8221;full&#8221; add_caption=&#8221;yes&#8221; alignment=&#8221;center&#8221; style=&#8221;vc_box_shadow_3d&#8221; onclick=&#8221;custom_link&#8221; qode_css_animation=&#8221;&#8221; qode_hover_animation=&#8221;zoom_in&#8221; link=&#8221;https:\/\/cristanini.com.co\/index.php\/hidrolimpiadoras-y-el-mundo-de-vapor\/&#8221;][vc_column_text]<\/p>\n<h3 style=\"text-align: center;\"><a href=\"https:\/\/cristanini.com.co\/index.php\/hidrolimpiadoras-y-el-mundo-de-vapor\/\"><span style=\"color: #ffffff;\">HIDROLIMPIADORAS Y EL MUNDO DE VAPOR<\/span><\/a><\/h3>\n<p>[\/vc_column_text][vc_separator type=&#8221;transparent&#8221; down=&#8221;7&#8243;][\/vc_column][\/vc_row]<\/p>\n","protected":false},"excerpt":{"rendered":"<p>[vc_row css_animation=&#8221;&#8221; row_type=&#8221;row&#8221; use_row_as_full_screen_section=&#8221;no&#8221; type=&#8221;grid&#8221; angled_section=&#8221;no&#8221; text_align=&#8221;left&#8221; background_image_as_pattern=&#8221;without_pattern&#8221; z_index=&#8221;&#8221; padding_top=&#8221;40&#8243; padding_bottom=&#8221;20&#8243; css=&#8221;.vc_custom_1598461189077{background-color: #ffffff !important;}&#8221;][vc_column][vc_column_text] AMBIENTAL E INDUSTRIAL Sistemas dise\u00f1ados para el saneamiento y la limpieza de las ciudades, en ambientes urbanos: usados para eliminar los efectos negativos causados por la contaminaci\u00f3n, la poluci\u00f3n, la contaminaci\u00f3n&#8230;<\/p>\n","protected":false},"author":1,"featured_media":0,"parent":0,"menu_order":0,"comment_status":"closed","ping_status":"closed","template":"full_width.php","meta":[],"_links":{"self":[{"href":"https:\/\/cristanini.com.co\/index.php\/wp-json\/wp\/v2\/pages\/159"}],"collection":[{"href":"https:\/\/cristanini.com.co\/index.php\/wp-json\/wp\/v2\/pages"}],"about":[{"href":"https:\/\/cristanini.com.co\/index.php\/wp-json\/wp\/v2\/types\/page"}],"author":[{"embeddable":true,"href":"https:\/\/cristanini.com.co\/index.php\/wp-json\/wp\/v2\/users\/1"}],"replies":[{"embeddable":true,"href":"https:\/\/cristanini.com.co\/index.php\/wp-json\/wp\/v2\/comments?post=159"}],"version-history":[{"count":73,"href":"https:\/\/cristanini.com.co\/index.php\/wp-json\/wp\/v2\/pages\/159\/revisions"}],"predecessor-version":[{"id":1068,"href":"https:\/\/cristanini.com.co\/index.php\/wp-json\/wp\/v2\/pages\/159\/revisions\/1068"}],"wp:attachment":[{"href":"https:\/\/cristanini.com.co\/index.php\/wp-json\/wp\/v2\/media?parent=159"}],"curies":[{"name":"wp","href":"https:\/\/api.w.org\/{rel}","templated":true}]}}